{"id":354,"date":"2024-01-06T11:30:17","date_gmt":"2024-01-06T11:30:17","guid":{"rendered":"https:\/\/bartekkortas.pl\/?page_id=354"},"modified":"2024-01-06T13:47:22","modified_gmt":"2024-01-06T13:47:22","slug":"my-equipment","status":"publish","type":"page","link":"https:\/\/bartekkortas.pl\/index.php\/my-equipment\/","title":{"rendered":"MY EQUIPMENT"},"content":{"rendered":"<div class=\"wp-block-image\">\n<figure class=\"alignleft size-full is-resized\"><img loading=\"lazy\" decoding=\"async\" width=\"5456\" height=\"3632\" src=\"https:\/\/bartekkortas.pl\/wp-content\/uploads\/2024\/01\/DSC00894.png\" alt=\"ROLLEIFLEX\" class=\"wp-image-360\" style=\"width:260px;height:auto\" srcset=\"https:\/\/bartekkortas.pl\/wp-content\/uploads\/2024\/01\/DSC00894.png 5456w, https:\/\/bartekkortas.pl\/wp-content\/uploads\/2024\/01\/DSC00894-300x200.png 300w, https:\/\/bartekkortas.pl\/wp-content\/uploads\/2024\/01\/DSC00894-1024x682.png 1024w, https:\/\/bartekkortas.pl\/wp-content\/uploads\/2024\/01\/DSC00894-768x511.png 768w, https:\/\/bartekkortas.pl\/wp-content\/uploads\/2024\/01\/DSC00894-1536x1022.png 1536w, https:\/\/bartekkortas.pl\/wp-content\/uploads\/2024\/01\/DSC00894-2048x1363.png 2048w\" sizes=\"auto, (max-width: 5456px) 100vw, 5456px\" \/><\/figure>\n<\/div>\n\n\n<p class=\"has-small-font-size\" style=\"font-style:normal;font-weight:900\"><strong><mark style=\"background-color:rgba(0, 0, 0, 0)\" class=\"has-inline-color has-white-color\">ROLLEIFLEX<\/mark><\/strong><\/p>\n\n\n\n<p class=\"has-medium-font-size\"><strong>Rolleiflex<\/strong> &#8211; Lustrzanka dwuobiektywowa, na film 120. Aparat, kt\u00f3ry robi zdjecia w formacie 6&#215;6, czyli w moim ulubionym formacie, kt\u00f3rym zainspirowa\u0142a mnie <a href=\"https:\/\/pl.wikipedia.org\/wiki\/Vivian_Maier\" data-type=\"link\" data-id=\"https:\/\/pl.wikipedia.org\/wiki\/Vivian_Maier\" target=\"_blank\" rel=\"noreferrer noopener\">Vivian Maier<\/a>.<\/p>\n\n\n\n<figure class=\"wp-block-image size-large is-resized\"><img loading=\"lazy\" decoding=\"async\" width=\"1024\" height=\"682\" src=\"http:\/\/bartekkortas.pl\/wp-content\/uploads\/2024\/01\/DSC00885-1024x682.png\" alt=\"\" class=\"wp-image-370\" style=\"aspect-ratio:1.3333333333333333;object-fit:cover;width:235px;height:auto\" srcset=\"https:\/\/bartekkortas.pl\/wp-content\/uploads\/2024\/01\/DSC00885-1024x682.png 1024w, https:\/\/bartekkortas.pl\/wp-content\/uploads\/2024\/01\/DSC00885-300x200.png 300w, https:\/\/bartekkortas.pl\/wp-content\/uploads\/2024\/01\/DSC00885-768x511.png 768w, https:\/\/bartekkortas.pl\/wp-content\/uploads\/2024\/01\/DSC00885-1536x1022.png 1536w, https:\/\/bartekkortas.pl\/wp-content\/uploads\/2024\/01\/DSC00885-2048x1363.png 2048w\" sizes=\"auto, (max-width: 1024px) 100vw, 1024px\" \/><\/figure>\n\n\n\n<figure class=\"wp-block-image size-large is-resized\"><img loading=\"lazy\" decoding=\"async\" width=\"1024\" height=\"682\" src=\"http:\/\/bartekkortas.pl\/wp-content\/uploads\/2024\/01\/DSC00886-1024x682.png\" alt=\"\" class=\"wp-image-373\" style=\"aspect-ratio:1;object-fit:cover;width:239px;height:auto\" srcset=\"https:\/\/bartekkortas.pl\/wp-content\/uploads\/2024\/01\/DSC00886-1024x682.png 1024w, https:\/\/bartekkortas.pl\/wp-content\/uploads\/2024\/01\/DSC00886-300x200.png 300w, https:\/\/bartekkortas.pl\/wp-content\/uploads\/2024\/01\/DSC00886-768x511.png 768w, https:\/\/bartekkortas.pl\/wp-content\/uploads\/2024\/01\/DSC00886-1536x1022.png 1536w, https:\/\/bartekkortas.pl\/wp-content\/uploads\/2024\/01\/DSC00886-2048x1363.png 2048w\" sizes=\"auto, (max-width: 1024px) 100vw, 1024px\" \/><\/figure>\n","protected":false},"excerpt":{"rendered":"<p>ROLLEIFLEX Rolleiflex &#8211; Lustrzanka dwuobiektywowa, na film 120. Aparat, kt\u00f3ry robi zdjecia w formacie 6&#215;6, czyli w moim ulubionym formacie, kt\u00f3rym zainspirowa\u0142a mnie Vivian Maier.<\/p>\n","protected":false},"author":1,"featured_media":0,"parent":0,"menu_order":0,"comment_status":"closed","ping_status":"closed","template":"","meta":{"_bbp_topic_count":0,"_bbp_reply_count":0,"_bbp_total_topic_count":0,"_bbp_total_reply_count":0,"_bbp_voice_count":0,"_bbp_anonymous_reply_count":0,"_bbp_topic_count_hidden":0,"_bbp_reply_count_hidden":0,"_bbp_forum_subforum_count":0,"footnotes":""},"class_list":["post-354","page","type-page","status-publish","hentry"],"_links":{"self":[{"href":"https:\/\/bartekkortas.pl\/index.php\/wp-json\/wp\/v2\/pages\/354","targetHints":{"allow":["GET"]}}],"collection":[{"href":"https:\/\/bartekkortas.pl\/index.php\/wp-json\/wp\/v2\/pages"}],"about":[{"href":"https:\/\/bartekkortas.pl\/index.php\/wp-json\/wp\/v2\/types\/page"}],"author":[{"embeddable":true,"href":"https:\/\/bartekkortas.pl\/index.php\/wp-json\/wp\/v2\/users\/1"}],"replies":[{"embeddable":true,"href":"https:\/\/bartekkortas.pl\/index.php\/wp-json\/wp\/v2\/comments?post=354"}],"version-history":[{"count":13,"href":"https:\/\/bartekkortas.pl\/index.php\/wp-json\/wp\/v2\/pages\/354\/revisions"}],"predecessor-version":[{"id":375,"href":"https:\/\/bartekkortas.pl\/index.php\/wp-json\/wp\/v2\/pages\/354\/revisions\/375"}],"wp:attachment":[{"href":"https:\/\/bartekkortas.pl\/index.php\/wp-json\/wp\/v2\/media?parent=354"}],"curies":[{"name":"wp","href":"https:\/\/api.w.org\/{rel}","templated":true}]}}